 List the prime factors of c.
2, 3, 7
Suppose -15*m - m = -21200. Let u = m - 626. List the prime factors of u.
3, 233
Let p(v) = -v**3 + v**2 - 25*v - 4. Let o be p(-6). Let m = o + -361. List the prime factors of m.
37
List the prime factors of (-1419594)/(-138) - (4 + (-752)/184).
3, 127
Suppose -2*r + 36 - 140 = 0. Let h = r - -12. Let q = h + 68. What are the prime factors of q?
2, 7
Suppose 281*c = 277*c + 32. What are the prime factors of (c - 3) + 484/2?
13, 19
Suppose 5*t + 2*p = 26518, 4*t - 1524 = -3*p + 19689. List the prime factors of t.
2, 3, 13, 17
Let m = 31640 + 32823. What are the prime factors of m?
7, 9209
Let n(b) = -137*b - 2304. List the prime factors of n(-85).
9341
Suppose 4*x - 3*h + 0*h = -29, 5*h - 25 = 2*x. Let d be (-1)/(-1*x/(-20)). Suppose 4*a = 4*u - 360, 0 = -3*u + 2*a - d*a + 245. What are the prime factors of u?
5, 17
Suppose -4*j - 19 = -27. Suppose -j*b + 4*b = 216. What are the prime factors of b?
2, 3
Suppose f + f - 376 = -2*k, -188 = -k + f. Let w = 228 - k. What are the prime factors of w?
2, 5
Let f(u) = -383*u + 15. Let d(s) = -4*s**2 - 2*s + 2. Let m be d(1). List the prime factors of f(m).
7, 13, 17
Suppose 0 = 3*c + 68 - 74. Let y be (-780)/(-4) + 2/c. Suppose -3*j - 2*o = -462, 658 = 3*j - 5*o + y. List the prime factors of j.
2, 7, 11
Let q(j) = 185*j - 137. Let y(g) = -184*g + 137. Let l(a) = -5*q(a) - 4*y(a). What are the prime factors of l(-10)?
2027
Let w(i) = 15*i**3 - 4*i**2 + 3. Let h be w(-1). What are the prime factors of ((-15148)/(-32) - -2) + 6/h?
5, 19
Suppose 13*d = 6*d. Suppose 3*c - 5*g - 4135 = d, 3*g + 11 = -4. What are the prime factors of c?
2, 5, 137
What are the prime factors of (72827/(-342)*-45)/((-2)/(-8))?
2, 5, 3833
Suppose -4*m - 3*x = -3059, 6*m - 8*m - x + 1529 = 0. Let j = m + 150. What are the prime factors of j?
2, 457
Suppose 0*c + 74923 = 6*c - 127337. What are the prime factors of c?
2, 5, 3371
Let p = 18 - 17. Let w be 133 + p + -2 + -4. Let v = 338 - w. What are the prime factors of v?
2, 3, 5, 7
Let h be (-7)/(-35) + (-28)/(-10) + -6. Let p be (40/12)/(4/h + 2). Let r(o) = 19*o - 24. List the prime factors of r(p).
71
Suppose -63 = 2*i + 97. Let t = i + 36. What are the prime factors of (-11)/(t/(-288))*-1?
2, 3
Suppose -9*m = -8*m - 9. Let v be m/(-6)*(-48)/9. Suppose -1284 = -v*t - 4*t. What are the prime factors of t?
107
Let j = 18889 + -1416. List the prime factors of j.
101, 173
Let u be 9 + -5 + (12*-6)/(-4). Suppose 0 = l - 2 - 1. What are the prime factors of 7 + -8 + -1 + l + u?
23
Suppose -k + 759 - 93 = 2*v, -3*k + 323 = v. Suppose -2*i = -7*i + v. What are the prime factors of i?
67
Suppose -603*i + 131*i - 117*i + 38043510 = 0. List the prime factors of i.
2, 3, 5, 2153
List the prime factors of (-99704)/(-33)*(-147)/(-28).
2, 7, 11, 103
Let h = 22127 - 9555. List the prime factors of h.
2, 7, 449
Suppose 3*v - 52532 = -q, -26*q + 23*q = -3*v + 52524. List the prime factors of v.
2, 5, 17, 103
Let w = 266 + -263. Suppose h = 3*k + 462, -493 = w*h - 4*k - 1904. What are the prime factors of h?
3, 53
Suppose -2*v = 38*v - 0*v - 720440. List the prime factors of v.
7, 31, 83
Suppose -m = -t - 4473, 4*m - 3*t - 4710 = 13179. What are the prime factors of m?
2, 3, 5, 149
Let c = 7159 - 998. List the prime factors of c.
61, 101
Let t = 3 + 1. Let w be 17/((-136)/(-80)) + 1070. Suppose -4*v + w = t*v. What are the prime factors of v?
3, 5
Let h = -177 - -181. Let p = 344 + -16. Suppose -3*f + 355 = 4*u, 0 = h*u - 5*f - 51 - p. List the prime factors of u.
7, 13
Suppose -24*a + 5275 - 571 = 0. Let d = 411 - a. List the prime factors of d.
5, 43
Let q(h) = -344*h**2 - h - 3. Let u be q(-2). What are the prime factors of u/(-4) + 3/(-12) + 2?
2, 173
Suppose 39*x + 9988628 = 307*x. What are the prime factors of x?
13, 47, 61
Suppose 3*t + 2*t = 0, 0 = -d - 2*t + 764. Let x = d - 438. What are the prime factors of x?
2, 163
Let d be 5940/(-30)*(-2)/(-3). What are the prime factors of 18168/22 - 24/d?
2, 7, 59
Let h = 16688 - 10880. List the prime factors of h.
2, 3, 11
Suppose 1040 = 2*b + 11*b. Let j = 83 - b. Suppose i = j*i - q - 386, -4*i + 772 = -4*q. List the prime factors of i.
193
Let m(b) = -13*b + 3944. What are the prime factors of m(0)?
2, 17, 29
Suppose 0 = d + 3*d. Suppose d = -9*v + 1029 + 627. What are the prime factors of v?
2, 23
Suppose 4*f = -2*c + 50, 2*f + 110 = 4*c + 5*f. Suppose 0 = -20*w + c*w - 2304. List the prime factors of w.
2
Let i(o) = 7*o - 48. Let g be i(33). What are the prime factors of (g/6)/(3/66)?
11, 61
Let b(f) = 2*f**3 - 5*f**2 + 8*f - 7. Let a be b(2). Let o be 1/((-10)/6) - (-38)/a. Suppose 5*x - 183 = o. List the prime factors of x.
2, 19
Suppose -83*p + 385536 = -138692. List the prime factors of p.
2, 1579
Let b be 1/2*(5 - -5). Suppose -w + b*j + 19 - 2 = 0, -2*j - 6 = 0. Suppose 4*x = 5*s - 18, -5*s + 2*x + 16 = w. List the prime factors of s.
2
List the prime factors of (-4)/168*6 + 441057/7.
2, 11, 179
Let w(i) = 48*i - 88. Let a be w(4). Suppose -a*t - 7518 = -111*t. What are the prime factors of t?
2, 3, 179
List the prime factors of -3 + ((-76938)/(-7) - 108/(-126)) + -4.
5, 13
Let a(i) = 17*i**2 - 18*i + 67. Let h(f) = 8*f**2 - 9*f + 33. Let y(b) = -6*a(b) + 13*h(b). List the prime factors of y(8).
83
Let d(f) = f**3 - 14*f**2 + 22*f + 13. Let j be d(10). Let n = j + 372. What are the prime factors of n?
5, 41
Let r be -1*0*((-21)/(-6) - 4). Suppose -3*n + 11 + 652 = r. List the prime factors of n.
13, 17
Let x = 252 - 219. Suppose -x*z = -8*z - 8200. What are the prime factors of z?
2, 41
Let f(q) = 7*q**2 + 3*q + 8. Let o(m) = -8*m**2 - 4*m - 8. Let b(x) = 4*f(x) + 3*o(x). What are the prime factors of b(6)?
2, 19
Suppose -897 = 4*x + 219. Suppose 5*l + 562 = -233. Let m = l - x. What are the prime factors of m?
2, 3, 5
List the prime factors of (-92 - (-2 - -2))/(8/(-52)).
2, 13, 23
Suppose -5*m - n = -15, 5*m + 3*n = -2*n - 5. List the prime factors of 5 + (-2 - m) - -830.
829
What are the prime factors of 11423 - (10 - (6 - -2)) - 6?
3, 5, 761
Let o be (-54)/21 - -3 - (-3783)/91. Suppose 2*t = v - 110, 2*t + 121 = -v + 7. List the prime factors of 414/8 + o/t.
3, 17
List the prime factors of (0 - -20964)*(-2 + -6)/(-8).
2, 3, 1747
Suppose -5*c - 3*p - 72220 = -243371, 5*p = -15*c + 513445. List the prime factors of c.
13, 2633
Suppose -42462 = -10*r + 89528. What are the prime factors of r?
67, 197
Let z(j) = 113*j + 128. Let q(s) = -116*s - 130. Let g(b) = 2*q(b) + 3*z(b). What are the prime factors of g(11)?
1301
Suppose -2*b + 5429 = -171. Suppose 3*g + 5*o + 1686 = 0, 2*o + 3*o = -5*g - b. Let s = -379 - g. What are the prime factors of s?
2, 89
Let m(h) = -h**3 - 7*h**2 - 2*h - 8. Let i be m(-7). Suppose 0*k + i*k = 780. Suppose 0 = -4*v - k + 538. List the prime factors of v.
2, 3, 17
Let r = 434 + -974. Let n be (1/2)/((-18)/r). Suppose 10*z - n*z = -225. What are the prime factors of z?
3, 5
Suppose -p + 6*n - 19 = n, -5*p - 14 = 2*n. Let f(d) = -2*d**3 - 14*d - 17. List the prime factors of f(p).
167
Let r = 18442 - 14855. List the prime factors of r.
17, 211
Suppose 0*b = -8*b + 40. Suppose 2*l = -2*y + 1148, 0 = 3*y - 5*l - 1711 + b. What are the prime factors of y?
2, 11, 13
Suppose 4*b + 312 = -l + 2*l, 3*b = 3. Let i = -276 + l. List the prime factors of i.
2, 5
Let i(y) = 96*y**3 - 4*y**2 - 6*y - 3. Let d be i(-2). Let u be (-14)/(-56) - d/4. Suppose -3*a + 2*g + 313 = 0, 2*a + g - u = 6*g. List the prime factors of a.
107
Let f = 8778 - 3209. Suppose 5*k - 3*g = -6995, 3*k - f = 7*k + 3*g. What are the prime factors of k/(-10) - (-8)/60*3?
2, 5, 7
Suppose 10*i - 16 = 14*i, -4*i - 2268 = -4*m. Let j = m + -370. List the prime factors of j.
193
List the prime factors of 0 + (5140 + -4 - -1).
11, 467
Let q(l) = l**2 - 4*l - 336. Let m be q(0). Let n = 572 + m. Suppose n = r + r. List the prime factors of r.
2, 59
Suppose 10919 = -62*w + 65*w + 4*j, w - 3623 = 2*j. List the prime factors of w.
3, 7, 173
Let d(y) = y**3 + 14*y**2 + 13*y + 17. Let p be d(-13). Let u = p - 15. Suppose -38 = -u*s - 0. List the prime factors of s.
19
Let f(v) = -v**3 + 111*v**2 - 194*v + 125. List the prime factors of f(106).
103, 347
Suppose z = 4*r + 5 - 1, 0 = r + 2. Let n be z/(-6)*(-12)/8. What 